{"id":20,"date":"2021-10-20T05:14:51","date_gmt":"2021-10-20T05:14:51","guid":{"rendered":"http:\/\/ldziri.si\/?page_id=20"},"modified":"2022-09-08T09:55:41","modified_gmt":"2022-09-08T08:55:41","slug":"create-your-website-with-blocks","status":"publish","type":"page","link":"https:\/\/ldziri.si\/","title":{"rendered":"LD \u017diri"},"content":{"rendered":"\n<div class=\"alignnormal\"><div id=\"metaslider-id-153\" style=\"width: 100%; margin: 0 auto;\" class=\"ml-slider-3-109-0 metaslider metaslider-flex metaslider-153 ml-slider has-dots-nav has-carousel-mode ms-theme-default\" role=\"region\" aria-label=\"New Slideshow\" data-height=\"300\" data-width=\"600\">\n    <div id=\"metaslider_container_153\">\n        <div id=\"metaslider_153\">\n            <ul class='slides'>\n                <li style=\"display: none; width: 100%;\" class=\"slide-341 ms-image \" aria-roledescription=\"slide\" data-date=\"2022-02-02 15:20:13\" data-filename=\"panoramska-410x205.jpg\" data-slide-type=\"image\"><img loading=\"lazy\" decoding=\"async\" src=\"https:\/\/ldziri.si\/wp-content\/uploads\/2022\/02\/panoramska-410x205.jpg\" height=\"300\" width=\"600\" alt=\"\" class=\"slider-153 slide-341 msDefaultImage\" title=\"panoramska\" \/><div class=\"caption-wrap\"><div class=\"caption\">\u017diri, slikano iz \u017dirka<\/div><\/div><\/li>\n                <li style=\"display: none; width: 100%;\" class=\"slide-179 ms-image \" aria-roledescription=\"slide\" data-date=\"2021-12-19 17:28:45\" data-filename=\"medved1-600x300.jpg\" data-slide-type=\"image\"><img loading=\"lazy\" decoding=\"async\" src=\"https:\/\/ldziri.si\/wp-content\/uploads\/2021\/12\/medved1-600x300.jpg\" height=\"300\" width=\"600\" alt=\"\" class=\"slider-153 slide-179 msDefaultImage\" title=\"medved1\" \/><div class=\"caption-wrap\"><div class=\"caption\">Medvedja samica z mladi\u010dkoma<\/div><\/div><\/li>\n                <li style=\"display: none; width: 100%;\" class=\"slide-178 ms-image \" aria-roledescription=\"slide\" data-date=\"2021-12-19 17:28:45\" data-filename=\"lisicki-600x300.jpg\" data-slide-type=\"image\"><img loading=\"lazy\" decoding=\"async\" src=\"https:\/\/ldziri.si\/wp-content\/uploads\/2021\/12\/lisicki-600x300.jpg\" height=\"300\" width=\"600\" alt=\"\" class=\"slider-153 slide-178 msDefaultImage\" title=\"lisicki\" \/><div class=\"caption-wrap\"><div class=\"caption\">Lisi\u010dki<\/div><\/div><\/li>\n                <li style=\"display: none; width: 100%;\" class=\"slide-177 ms-image \" aria-roledescription=\"slide\" data-date=\"2021-12-19 17:28:45\" data-filename=\"lisica1-600x300.jpg\" data-slide-type=\"image\"><img loading=\"lazy\" decoding=\"async\" src=\"https:\/\/ldziri.si\/wp-content\/uploads\/2021\/12\/lisica1-600x300.jpg\" height=\"300\" width=\"600\" alt=\"\" class=\"slider-153 slide-177 msDefaultImage\" title=\"lisica1\" \/><div class=\"caption-wrap\"><div class=\"caption\">Lisica<\/div><\/div><\/li>\n                <li style=\"display: none; width: 100%;\" class=\"slide-340 ms-image \" aria-roledescription=\"slide\" data-date=\"2022-02-02 15:20:13\" data-filename=\"mesta_ziri_panorama-450x225.jpg\" data-slide-type=\"image\"><img loading=\"lazy\" decoding=\"async\" src=\"https:\/\/ldziri.si\/wp-content\/uploads\/2022\/02\/mesta_ziri_panorama-450x225.jpg\" height=\"300\" width=\"600\" alt=\"\" class=\"slider-153 slide-340 msDefaultImage\" title=\"mesta_ziri_panorama\" \/><div class=\"caption-wrap\"><div class=\"caption\">\u017diri z \u017dirovskim vrhom<\/div><\/div><\/li>\n                <li style=\"display: none; width: 100%;\" class=\"slide-175 ms-image \" aria-roledescription=\"slide\" data-date=\"2021-12-19 17:28:45\" data-filename=\"divji_petelin-600x300.jpg\" data-slide-type=\"image\"><img loading=\"lazy\" decoding=\"async\" src=\"https:\/\/ldziri.si\/wp-content\/uploads\/2021\/12\/divji_petelin-600x300.jpg\" height=\"300\" width=\"600\" alt=\"\" class=\"slider-153 slide-175 msDefaultImage\" title=\"divji_petelin\" \/><div class=\"caption-wrap\"><div class=\"caption\">Divji petelin<\/div><\/div><\/li>\n                <li style=\"display: none; width: 100%;\" class=\"slide-176 ms-image \" aria-roledescription=\"slide\" data-date=\"2021-12-19 17:28:45\" data-filename=\"gams-600x300.jpg\" data-slide-type=\"image\"><img loading=\"lazy\" decoding=\"async\" src=\"https:\/\/ldziri.si\/wp-content\/uploads\/2021\/12\/gams-600x300.jpg\" height=\"300\" width=\"600\" alt=\"\" class=\"slider-153 slide-176 msDefaultImage\" title=\"gams\" \/><div class=\"caption-wrap\"><div class=\"caption\">Gams<\/div><\/div><\/li>\n                <li style=\"display: none; width: 100%;\" class=\"slide-342 ms-image \" aria-roledescription=\"slide\" data-date=\"2022-02-02 15:20:14\" data-filename=\"ziri_dobraceva-259x129.jpg\" data-slide-type=\"image\"><img loading=\"lazy\" decoding=\"async\" src=\"https:\/\/ldziri.si\/wp-content\/uploads\/2022\/02\/ziri_dobraceva-259x129.jpg\" height=\"300\" width=\"600\" alt=\"\" class=\"slider-153 slide-342 msDefaultImage\" title=\"\u017eiri_dobra\u010deva\" \/><div class=\"caption-wrap\"><div class=\"caption\">Dobra\u010deva<\/div><\/div><\/li>\n                <li style=\"display: none; width: 100%;\" class=\"slide-180 ms-image \" aria-roledescription=\"slide\" data-date=\"2021-12-19 17:28:45\" data-filename=\"srna1-600x300.jpg\" data-slide-type=\"image\"><img loading=\"lazy\" decoding=\"async\" src=\"https:\/\/ldziri.si\/wp-content\/uploads\/2021\/12\/srna1-600x300.jpg\" height=\"300\" width=\"600\" alt=\"\" class=\"slider-153 slide-180 msDefaultImage\" title=\"srna1\" \/><div class=\"caption-wrap\"><div class=\"caption\">Srni<\/div><\/div><\/li>\n            <\/ul>\n        <\/div>\n        \n    <\/div>\n<\/div><\/div>\n\n\n\n<p class=\"wp-block-paragraph\"><\/p>\n\n\n\n<p class=\"wp-block-paragraph\"><strong>SPLETNI STRANI NA POT<\/strong><br><br>Pred pribli\u017eno letom dni nazaj, sem vam predstavil&nbsp; program mojega dela za to mandatno obdobje. Ena izmed prvih nalogo, ki sem si jih zadal je bila, da si LD \u017diri ustvari svojo spletno stran, ki nas bo povezala, kot sem se takrat izrazil, navzven. To se je po slabem letu dni zgodilo in na ra\u010dunalni\u0161kem mediju je odprta na\u0161a spletna stran, ki jo bomo s skupnimi mo\u010dmi ustvarjali in dopolnjevali sami z zadevami, ki se&nbsp; ti\u010dejo samo nas, za vse ostale pa bomo videni z glavnimi podatki o na\u0161i dru\u017eini in kontakti za morebitna vpra\u0161anja ali pojasnila.<\/p>\n\n\n\n<p class=\"wp-block-paragraph\">Kot je bilo prikazano na predstavitvi, spletne strani Poljanskih lovcev bodo tudi na na\u0161i strani a\u017eurirane vse novice, ki jih sedaj dobivamo na na\u0161o elektronsko po\u0161to, tako da bodo dosegljive razne novice, ki jih sedaj dobivamo od Lovske zveze, Gorenjskega OZUL \u2013 a in od drugih institucij ki nam po\u0161iljajo zanimive podatke.<\/p>\n\n\n\n<p class=\"wp-block-paragraph\">Seveda bo stran dostopna tudi tistim, ki bodo v njej&nbsp; hoteli&nbsp; dobiti glavne informacije o nas in na\u0161i dru\u017eini ali, ko bodo hoteli priti v stik z nami takrat ko nas rabijo.<\/p>\n\n\n\n<p class=\"wp-block-paragraph\">Zato ste povabljeni vsi \u010dlani, ko boste odprli na\u0161o stran, da si jo ogledate in \u010de imate kakr\u0161ne koli predloge ali dopolnila ali da imate zanimive informacije ali slike, ki bi jih delili z nami, da to sporo\u010dite, lahko meni ali Ladu Moletu, da bomo zanimivosti vklju\u010dili v na\u0161o stran.<\/p>\n\n\n\n<p class=\"wp-block-paragraph\">Naj stran za\u017eivi kot da je \u010dlan na\u0161e dru\u017eine.<\/p>\n\n\n\n<p class=\"wp-block-paragraph\">Stare\u0161ina: Marjan Omerzel<\/p>\n\n\n\n<hr class=\"wp-block-separator has-css-opacity\"\/>\n\n\n\n<p class=\"wp-block-paragraph\"><\/p>\n\n\n\n<div class=\"wp-block-columns is-layout-flex wp-container-core-columns-is-layout-8f761849 wp-block-columns-is-layout-flex\">\n<div class=\"wp-block-column is-layout-flow wp-block-column-is-layout-flow\" style=\"flex-basis:66.66%\">\n<div class=\"wp-block-columns is-layout-flex wp-container-core-columns-is-layout-8f761849 wp-block-columns-is-layout-flex\">\n<div class=\"wp-block-column is-layout-flow wp-block-column-is-layout-flow\" style=\"flex-basis:100%\">\n<div class=\"wp-block-group\"><div class=\"wp-block-group__inner-container is-layout-flow wp-block-group-is-layout-flow\">\n<div class=\"wp-block-columns is-layout-flex wp-container-core-columns-is-layout-8f761849 wp-block-columns-is-layout-flex\">\n<div class=\"wp-block-column is-layout-flow wp-block-column-is-layout-flow\" style=\"flex-basis:100%\">\n<div class=\"wp-block-query is-layout-flow wp-block-query-is-layout-flow\"><ul class=\"wp-block-post-template is-layout-flow wp-block-post-template-is-layout-flow\"><li class=\"wp-block-post post-291 post type-post status-publish format-standard hentry category-uncategorized\">\n<h2 class=\"wp-block-post-title\"><a href=\"https:\/\/ldziri.si\/?p=291\" target=\"_self\" >Lokalna tekma goni\u010dev<\/a><\/h2>\n\n\n\n<div class=\"wp-block-post-excerpt\"><p class=\"wp-block-post-excerpt__excerpt\">LKD Gorenjske in LD \u017diri sta 30.10.2021 organizirala lokalno tekmo goni\u010dev ob kateri je bila izdana tudi bru\u0161ura, ki jo najdete na tej povezavi. <\/p><\/div>\n\n\n<hr class=\"wp-block-separator has-css-opacity\"\/>\n\n\n<div class=\"wp-block-post-date\"><time datetime=\"2022-02-01T09:24:46+01:00\">01.02.2022<\/time><\/div>\n<\/li><\/ul><\/div>\n<\/div>\n<\/div>\n<\/div><\/div>\n<\/div>\n<\/div>\n<\/div>\n\n\n\n<div class=\"wp-block-column is-layout-flow wp-block-column-is-layout-flow\" style=\"flex-basis:33.33%\">\n<div class=\"wp-block-query is-layout-flow wp-block-query-is-layout-flow\"><ul class=\"wp-block-post-template is-layout-flow wp-block-post-template-is-layout-flow\"><li class=\"wp-block-post post-291 post type-post status-publish format-standard hentry category-uncategorized\">\n<h2 class=\"wp-block-post-title\"><a href=\"https:\/\/ldziri.si\/?p=291\" target=\"_self\" >Lokalna tekma goni\u010dev<\/a><\/h2>\n\n\n\n<div class=\"wp-block-post-date\"><time datetime=\"2022-02-01T09:24:46+01:00\">01.02.2022<\/time><\/div>\n<\/li><\/ul><\/div>\n<\/div>\n<\/div>\n\n\n\n<div class=\"wp-block-columns alignwide are-vertically-aligned-top is-layout-flex wp-container-core-columns-is-layout-8f761849 wp-block-columns-is-layout-flex\">\n<div class=\"wp-block-column is-vertically-aligned-top is-layout-flow wp-block-column-is-layout-flow\"><\/div>\n\n\n\n<div class=\"wp-block-column is-vertically-aligned-top is-layout-flow wp-block-column-is-layout-flow\"><\/div>\n\n\n\n<div class=\"wp-block-column is-vertically-aligned-top is-layout-flow wp-block-column-is-layout-flow\"><\/div>\n<\/div>\n\n\n\n<p class=\"wp-block-paragraph\"><\/p>\n","protected":false},"excerpt":{"rendered":"<p>SPLETNI STRANI NA POT Pred pribli\u017eno letom dni nazaj, sem vam predstavil&nbsp; program mojega dela za to mandatno obdobje. Ena izmed prvih nalogo, ki sem si jih zadal je bila, da si LD \u017diri ustvari svojo spletno stran, ki nas bo povezala, kot sem se takrat izrazil, navzven. To se je po slabem letu dni&#8230;<\/p>\n","protected":false},"author":1,"featured_media":0,"parent":0,"menu_order":0,"comment_status":"closed","ping_status":"closed","template":"","meta":{"_crdt_document":"","_kadence_starter_templates_imported_post":false,"_kad_post_transparent":"","_kad_post_title":"","_kad_post_layout":"","_kad_post_sidebar_id":"","_kad_post_content_style":"","_kad_post_vertical_padding":"","_kad_post_feature":"","_kad_post_feature_position":"","_kad_post_header":false,"_kad_post_footer":false,"footnotes":""},"class_list":["post-20","page","type-page","status-publish","hentry"],"yoast_head":"<!-- This site is optimized with the Yoast SEO plugin v27.6 - https:\/\/yoast.com\/product\/yoast-seo-wordpress\/ -->\n<title>LD \u017diri - Lovska dru\u017eina \u017diri<\/title>\n<meta name=\"robots\" content=\"index, follow, max-snippet:-1, max-image-preview:large, max-video-preview:-1\" \/>\n<link rel=\"canonical\" href=\"https:\/\/ldziri.si\/\" \/>\n<meta property=\"og:locale\" content=\"en_US\" \/>\n<meta property=\"og:type\" content=\"article\" \/>\n<meta property=\"og:title\" content=\"LD \u017diri - Lovska dru\u017eina \u017diri\" \/>\n<meta property=\"og:description\" content=\"SPLETNI STRANI NA POT Pred pribli\u017eno letom dni nazaj, sem vam predstavil&nbsp; program mojega dela za to mandatno obdobje. Ena izmed prvih nalogo, ki sem si jih zadal je bila, da si LD \u017diri ustvari svojo spletno stran, ki nas bo povezala, kot sem se takrat izrazil, navzven. To se je po slabem letu dni...\" \/>\n<meta property=\"og:url\" content=\"https:\/\/ldziri.si\/\" \/>\n<meta property=\"og:site_name\" content=\"Lovska dru\u017eina \u017diri\" \/>\n<meta property=\"article:modified_time\" content=\"2022-09-08T08:55:41+00:00\" \/>\n<meta name=\"twitter:card\" content=\"summary_large_image\" \/>\n<meta name=\"twitter:label1\" content=\"Est. reading time\" \/>\n\t<meta name=\"twitter:data1\" content=\"2 minutes\" \/>\n<script type=\"application\/ld+json\" class=\"yoast-schema-graph\">{\"@context\":\"https:\\\/\\\/schema.org\",\"@graph\":[{\"@type\":\"WebPage\",\"@id\":\"https:\\\/\\\/ldziri.si\\\/\",\"url\":\"https:\\\/\\\/ldziri.si\\\/\",\"name\":\"LD \u017diri - Lovska dru\u017eina \u017diri\",\"isPartOf\":{\"@id\":\"https:\\\/\\\/ldziri.si\\\/#website\"},\"datePublished\":\"2021-10-20T05:14:51+00:00\",\"dateModified\":\"2022-09-08T08:55:41+00:00\",\"breadcrumb\":{\"@id\":\"https:\\\/\\\/ldziri.si\\\/#breadcrumb\"},\"inLanguage\":\"en-US\",\"potentialAction\":[{\"@type\":\"ReadAction\",\"target\":[\"https:\\\/\\\/ldziri.si\\\/\"]}]},{\"@type\":\"BreadcrumbList\",\"@id\":\"https:\\\/\\\/ldziri.si\\\/#breadcrumb\",\"itemListElement\":[{\"@type\":\"ListItem\",\"position\":1,\"name\":\"Home\",\"item\":\"https:\\\/\\\/ldziri.si\\\/\"},{\"@type\":\"ListItem\",\"position\":2,\"name\":\"LD \u017diri\"}]},{\"@type\":\"WebSite\",\"@id\":\"https:\\\/\\\/ldziri.si\\\/#website\",\"url\":\"https:\\\/\\\/ldziri.si\\\/\",\"name\":\"Lovska dru\u017eina \u017diri\",\"description\":\"Lovska dru\u017eina \u017diri\",\"publisher\":{\"@id\":\"https:\\\/\\\/ldziri.si\\\/#organization\"},\"potentialAction\":[{\"@type\":\"SearchAction\",\"target\":{\"@type\":\"EntryPoint\",\"urlTemplate\":\"https:\\\/\\\/ldziri.si\\\/?s={search_term_string}\"},\"query-input\":{\"@type\":\"PropertyValueSpecification\",\"valueRequired\":true,\"valueName\":\"search_term_string\"}}],\"inLanguage\":\"en-US\"},{\"@type\":\"Organization\",\"@id\":\"https:\\\/\\\/ldziri.si\\\/#organization\",\"name\":\"Lovska dru\u017eina \u017diri\",\"url\":\"https:\\\/\\\/ldziri.si\\\/\",\"logo\":{\"@type\":\"ImageObject\",\"inLanguage\":\"en-US\",\"@id\":\"https:\\\/\\\/ldziri.si\\\/#\\\/schema\\\/logo\\\/image\\\/\",\"url\":\"https:\\\/\\\/ldziri.si\\\/wp-content\\\/uploads\\\/2021\\\/12\\\/cropped-cropped-LogotipLDZiri.jpg\",\"contentUrl\":\"https:\\\/\\\/ldziri.si\\\/wp-content\\\/uploads\\\/2021\\\/12\\\/cropped-cropped-LogotipLDZiri.jpg\",\"width\":39,\"height\":50,\"caption\":\"Lovska dru\u017eina \u017diri\"},\"image\":{\"@id\":\"https:\\\/\\\/ldziri.si\\\/#\\\/schema\\\/logo\\\/image\\\/\"}}]}<\/script>\n<!-- \/ Yoast SEO plugin. -->","yoast_head_json":{"title":"LD \u017diri - Lovska dru\u017eina \u017diri","robots":{"index":"index","follow":"follow","max-snippet":"max-snippet:-1","max-image-preview":"max-image-preview:large","max-video-preview":"max-video-preview:-1"},"canonical":"https:\/\/ldziri.si\/","og_locale":"en_US","og_type":"article","og_title":"LD \u017diri - Lovska dru\u017eina \u017diri","og_description":"SPLETNI STRANI NA POT Pred pribli\u017eno letom dni nazaj, sem vam predstavil&nbsp; program mojega dela za to mandatno obdobje. Ena izmed prvih nalogo, ki sem si jih zadal je bila, da si LD \u017diri ustvari svojo spletno stran, ki nas bo povezala, kot sem se takrat izrazil, navzven. To se je po slabem letu dni...","og_url":"https:\/\/ldziri.si\/","og_site_name":"Lovska dru\u017eina \u017diri","article_modified_time":"2022-09-08T08:55:41+00:00","twitter_card":"summary_large_image","twitter_misc":{"Est. reading time":"2 minutes"},"schema":{"@context":"https:\/\/schema.org","@graph":[{"@type":"WebPage","@id":"https:\/\/ldziri.si\/","url":"https:\/\/ldziri.si\/","name":"LD \u017diri - Lovska dru\u017eina \u017diri","isPartOf":{"@id":"https:\/\/ldziri.si\/#website"},"datePublished":"2021-10-20T05:14:51+00:00","dateModified":"2022-09-08T08:55:41+00:00","breadcrumb":{"@id":"https:\/\/ldziri.si\/#breadcrumb"},"inLanguage":"en-US","potentialAction":[{"@type":"ReadAction","target":["https:\/\/ldziri.si\/"]}]},{"@type":"BreadcrumbList","@id":"https:\/\/ldziri.si\/#breadcrumb","itemListElement":[{"@type":"ListItem","position":1,"name":"Home","item":"https:\/\/ldziri.si\/"},{"@type":"ListItem","position":2,"name":"LD \u017diri"}]},{"@type":"WebSite","@id":"https:\/\/ldziri.si\/#website","url":"https:\/\/ldziri.si\/","name":"Lovska dru\u017eina \u017diri","description":"Lovska dru\u017eina \u017diri","publisher":{"@id":"https:\/\/ldziri.si\/#organization"},"potentialAction":[{"@type":"SearchAction","target":{"@type":"EntryPoint","urlTemplate":"https:\/\/ldziri.si\/?s={search_term_string}"},"query-input":{"@type":"PropertyValueSpecification","valueRequired":true,"valueName":"search_term_string"}}],"inLanguage":"en-US"},{"@type":"Organization","@id":"https:\/\/ldziri.si\/#organization","name":"Lovska dru\u017eina \u017diri","url":"https:\/\/ldziri.si\/","logo":{"@type":"ImageObject","inLanguage":"en-US","@id":"https:\/\/ldziri.si\/#\/schema\/logo\/image\/","url":"https:\/\/ldziri.si\/wp-content\/uploads\/2021\/12\/cropped-cropped-LogotipLDZiri.jpg","contentUrl":"https:\/\/ldziri.si\/wp-content\/uploads\/2021\/12\/cropped-cropped-LogotipLDZiri.jpg","width":39,"height":50,"caption":"Lovska dru\u017eina \u017diri"},"image":{"@id":"https:\/\/ldziri.si\/#\/schema\/logo\/image\/"}}]}},"_links":{"self":[{"href":"https:\/\/ldziri.si\/index.php?rest_route=\/wp\/v2\/pages\/20","targetHints":{"allow":["GET"]}}],"collection":[{"href":"https:\/\/ldziri.si\/index.php?rest_route=\/wp\/v2\/pages"}],"about":[{"href":"https:\/\/ldziri.si\/index.php?rest_route=\/wp\/v2\/types\/page"}],"author":[{"embeddable":true,"href":"https:\/\/ldziri.si\/index.php?rest_route=\/wp\/v2\/users\/1"}],"replies":[{"embeddable":true,"href":"https:\/\/ldziri.si\/index.php?rest_route=%2Fwp%2Fv2%2Fcomments&post=20"}],"version-history":[{"count":56,"href":"https:\/\/ldziri.si\/index.php?rest_route=\/wp\/v2\/pages\/20\/revisions"}],"predecessor-version":[{"id":1041,"href":"https:\/\/ldziri.si\/index.php?rest_route=\/wp\/v2\/pages\/20\/revisions\/1041"}],"wp:attachment":[{"href":"https:\/\/ldziri.si\/index.php?rest_route=%2Fwp%2Fv2%2Fmedia&parent=20"}],"curies":[{"name":"wp","href":"https:\/\/api.w.org\/{rel}","templated":true}]}}